greatest common factor of m and d?
4
Suppose -r - 4*l + 4 = 0, -3*l = r - 2 - 3. Suppose 7*u = -752 + 808. What is the greatest common factor of u and r?
8
Suppose -5*k = -3*o - 159, -4*k - 33*o + 34*o = -130. Calculate the greatest common divisor of 2013 and k.
33
Let r = -58 + 51. Let c be (r + 7)*(0 - 1). Suppose c = 3*a - 23 - 37. What is the greatest common divisor of a and 220?
20
Let q = -41114 - -41452. What is the greatest common factor of q and 572?
26
Let s be (6094/4)/11 - 2/(-4). Suppose s + 23 = 3*c. What is the highest common divisor of c and 6?
6
Let g = -2 - -1. Let h(u) = -10*u**3 - 2*u**2 + 1. Let n be h(g). Let b = -916 + 943. What is the greatest common divisor of b and n?
9
Suppose 140*a = 137*a + i + 971, -4*a + 1260 = 3*i. What is the greatest common divisor of a and 6?
3
Suppose 0 = -15*s + 8*s. Suppose 2*h = -2*p + 20, 0 = -s*p + 4*p - h - 50. What is the highest common factor of 60 and p?
12
Let h = 139 - 76. Let b = -2801 - -2810. What is the greatest common divisor of h and b?
9
Let p be (-4)/((-56)/10686) - 50/175. Let v = 1123 - p. What is the greatest common divisor of 80 and v?
40
Suppose 0 = -23*y + 28*y + 940. Let n = y + 215. Suppose -3*k + t + 21 = -227, 4*t + 101 = k. Calculate the greatest common factor of k and n.
27
Suppose 187*r - 43*r = 4896. Calculate the greatest common factor of r and 6086.
34
Let i be ((-2)/(-3))/(43/4257). Let n be 2/((-204)/(-66) - 3). Calculate the greatest common factor of n and i.
22
Suppose -5077*g = -4970*g - 18618. Calculate the greatest common divisor of 3422 and g.
58
Let i be (-50)/(3 - 28/8). Suppose -140 - i = -5*a. Suppose 10*t - 13*t = -a. Calculate the highest common divisor of 64 and t.
16
Suppose -29*f = 81*f - 20079 - 1371. What is the greatest common factor of 1625 and f?
65
Suppose -6*s - 3*s + 27 = 0. Suppose -s*m = -4*m + 9. Let z be 36 + -2 + (m - 3). Calculate the highest common divisor of 5 and z.
5
Let u(i) = -8*i + 89. Let c be u(-5). Suppose -b + 98 = 4*g, 2*b + c = -g + 6*g. What is the highest common factor of g and 25?
25
Suppose 51*w - 1088 - 775 = 177. Calculate the greatest common factor of w and 1072.
8
Let h be ((-201)/2)/(5*6/(-40)). Suppose -5*m = -2*b - 7*m + h, -128 = -2*b + m. Calculate the greatest common factor of 50 and b.
5
Let f(u) = 4*u**2 - 72*u + 20. Let j(g) = g**3 - 28*g**2 + 30*g - 63. Let v be j(27). Let n be f(v). Calculate the highest common divisor of 32 and n.
4
Let p = 27585 + -26507. Calculate the highest common divisor of p and 198.
22
Suppose 0 = -5*i + 383 + 72. Let x(z) = -7*z - 57. Let n(h) = h**2 - 11*h + 18. Let k be n(7). Let u be x(k). Calculate the highest common divisor of u and i.
13
Suppose 0 = -2*d + 4*h - 20 + 124, -4*d + 158 = 2*h. Suppose 14*c = 7*c + d. Let q be (-54)/4*-4*1. Calculate the highest common factor of c and q.
6
Let g be (-4 - (-178)/(-4) - 2)*-2. Let x = -396 + g. Let u = x - -527. Calculate the highest common divisor of u and 29.
29
Suppose -2*o = -w + 276, -7*w + o = -3*o - 1892. Calculate the greatest common factor of w and 16.
4
Let t = -60 + 64. Suppose 0 = -3*m + 16 - 1, 3*m = t*p - 1. Let n be 22 + 0/(-1)*(p - 3). Calculate the highest common divisor of n and 88.
22
Let m be (4 - -8)/(((-144)/120)/((-2)/5)). Calculate the greatest common divisor of m and 186.
2
Let b = 0 + 0. Suppose 14 = -b*i + i. Suppose 2*t - 94 = -4*h, -7*t + 15 = -4*t. What is the greatest common divisor of h and i?
7
Suppose 9*s - 3109 = -2254. What is the greatest common factor of 1520 and s?
95
Let w(d) = -71*d**3 - 18*d - 19. Let u be w(-1). What is the highest common factor of 6230 and u?
70
Suppose 15846 = 217*y - 3250. What is the greatest common divisor of y and 88?
88
Suppose 0 = -6*b + 482 + 442. What is the highest common factor of b and 1134?
14
Let s(n) = n**3 + 14*n**2 + 16*n - 2. Let h be s(-12). Suppose -6*v + 123 + 249 = 0. Let k = h - v. What is the highest common factor of k and 288?
32
Suppose -3*i + 3*w = 7*w + 731, -2*i - 499 = 5*w. Let h = i + 282. What is the highest common factor of 30 and h?
15
Suppose 0 = 183*a - 188*a + 820. What is the highest common factor of a and 1681?
41
Let m be -3 - 48/20 - (-6)/(-10). Let u be 44/3 + (10/m)/(-5). Let f be (-2)/(-5) - 598/(-5). What is the greatest common divisor of f and u?
15
Suppose 0 = 15700*b - 15683*b - 714. What is the greatest common factor of b and 1491?
21
Let y(j) = j**2 + 3*j - 6. Let d be y(5). Suppose 20*o - 23188 - 10370 = -74*o. Calculate the greatest common divisor of o and d.
17
Suppose v + 2*v = 0. Suppose -2*q = -v*q - 12. Let s be 4/(-214) + 2755040/114704. What is the greatest common factor of s and q?
6
Let s be (-1)/((33/(-9))/(-11)). Let k be (-1881)/33*(-1 - 2/s). Calculate the greatest common factor of k and 209.
19
Let n be (-1)/1 + (1 - -225). Suppose -2 = j - 5. Let p be (j + (-1 - -1))/((-21)/(-175)). Calculate the greatest common divisor of n and p.
25
Let x(p) = -p - 5. Let t be x(-8). Suppose -2*j = 5*o - t - 24, -19 = -5*o - 4*j. Let c be 3/(-2) + (-230)/(-4). What is the highest common factor of c and o?
7
Suppose -5*k - 829 = -y, 3*y - 3*k - 3817 = -1438. Calculate the highest common factor of y and 3038.
98
Let h = 592 - 607. Let k(w) = 2*w**2 + 27*w + 23. Let t be k(h). Calculate the greatest common divisor of 20 and t.
4
Let d = 3508 - 3398. Calculate the greatest common factor of 10 and d.
10
Let w be 230 - (-2 - ((8 + -8)/(-8))/5). What is the highest common factor of 9889 and w?
29
Suppose -4 + 19 = -5*f, -340 = -5*o - 5*f. Let u = 82 - o. What is the highest common factor of 99 and u?
11
Suppose 4418 = 4*w + 2*t, 30 = -2*w - 3*t + 2229. Calculate the highest common factor of w and 246.
123
Suppose 26*p + 25*p = -4592 + 110978. Calculate the highest common divisor of p and 14.
14
Suppose 6*z - 8*z = -z. Suppose -14*p + 22*p - 152 = z. What is the greatest common factor of p and 209?
19
Suppose 0 = 11*y - 9388 + 27. Calculate the greatest common divisor of 23 and y.
23
Let q be (-6)/14 + 1952/14 + 5. Suppose -29*j + q = -13*j. Let y = -2 + 5. Calculate the greatest common factor of j and y.
3
Let z(s) = -s**2 - 14*s - 36. Let l be z(-14). Let f(c) = 4*c + 156. Let y be f(l). Calculate the highest common divisor of 132 and y.
12
Suppose -22*n = -12295 - 9045. What is the greatest common divisor of 10 and n?
10
Let u be -8*(-6)/12 + 1*51. Let o be (1 + 36/(-20))/(-2)*u. Calculate the highest common factor of 77 and o.
11
Let z = 39 + -441. Let x = -366 - z. Calculate the highest common factor of 1584 and x.
36
Let h = -505 + 720. Suppose h*y - 210*y - 2750 = 0. What is the greatest common factor of y and 50?
50
Let t be ((-1)/2)/((-5)/20). Suppose -h - t = -5. Suppose 6*b + 2*b = 24. Calculate the highest common factor of h and b.
3
Let y(p) = 89*p**3 + 3 - 118*p**2 + 114*p**2 - 250*p**3. Let w be y(-1). What is the highest common divisor of w and 96?
32
Let l(d) = 299*d - 208. Let q be l(1). Calculate the greatest common divisor of q and 13.
13
Let v(g) = g**2 + 9*g - 14. Let k = -31 - -38. Let f be v(k). What is the greatest common factor of f and 14?
14
Let h be ((-1170)/(-12))/(-13)*(-6)/5. Suppose 474 = h*j - 2253. Suppose -j = -9*f - 33. What is the greatest common divisor of f and 75?
15
Let j(u) = 8*u**2 + 6*u + 6. Let x be j(-3). Let t = 464 - 144. Suppose -t + x = -2*s. What is the greatest common factor of 13 and s?
13
Let k be (-1 - 1185/(-25))*(-15)/(-6). Let b = 118 - k. Suppose 27 = 2*r - j, -r + 73 = b*r + 5*j. What is the highest common factor of 16 and r?
16
Suppose -5*i = -4*v - 58 + 8, 3*i - v - 23 = 0. Let b be (i + -1 - 2)/(6/8). Suppose 0 = b*y - 4 - 0. What is the highest common divisor of 3 and y?
1
Let t(y) = y**3 + 74*y**2 + 200*y - 106. Let u be t(-71). What is the greatest common divisor of u and 133?
19
Let n = -109 + 153. Let w(u) = -3*u**2 - 49*u - 12. Let a be w(-16). What is the highest common divisor of n and a?
4
Suppose 7*p + 0*p + 42315 = 0. Let m be ((-66)/24)/(-11) + p/(-12). What is the greatest common factor of m and 6?
6
Suppose 5*x + 7*w = 2*w + 85, 5*x = -w + 77. Suppose -x*y = -3*y - 156. What is the greatest common factor of y and 104?
13
Suppose 8*j = -3*j - 33. Let s be -20 - -121 - 1*j. Calculate the highest common factor of 13 and s.
13
Let m be 8/(-